5103 and 24?
3
Calculate the greatest common divisor of 18420340 and 27520.
860
Calculate the greatest common divisor of 1146800 and 6800.
400
What is the highest common divisor of 2348896535 and 565?
565
Calculate the highest common divisor of 20066374 and 2104.
526
What is the highest common divisor of 431925154 and 34?
34
What is the highest common divisor of 319 and 5185433?
11
Calculate the highest common divisor of 122197399 and 1261.
97
Calculate the greatest common factor of 11167 and 4069.
13
What is the highest common divisor of 3620928 and 4224?
192
Calculate the highest common divisor of 7540 and 453388.
52
Calculate the highest common factor of 86970438 and 2790.
558
Calculate the greatest common factor of 91465 and 76835.
55
Calculate the highest common divisor of 53041 and 15171437.
1711
Calculate the highest common factor of 30515 and 1945421.
359
Calculate the highest common factor of 31604 and 103.
1
Calculate the highest common divisor of 10332 and 3242772.
1476
Calculate the highest common factor of 307092910 and 610.
610
What is the highest common factor of 6844359 and 38793?
579
Calculate the greatest common divisor of 42481 and 224227.
23
Calculate the greatest common factor of 19520018 and 3038.
434
Calculate the highest common divisor of 2028138450 and 1950.
1950
What is the highest common factor of 1909184 and 598?
46
What is the highest common factor of 945765357 and 1317?
1317
What is the highest common factor of 147920696 and 385?
77
Calculate the greatest common factor of 1355665240 and 40.
40
Calculate the highest common factor of 2033331354 and 62.
62
Calculate the highest common factor of 10322622 and 54.
18
Calculate the greatest common divisor of 97825 and 756800.
1075
Calculate the highest common factor of 2552 and 13407512.
232
Calculate the greatest common factor of 25420 and 106805.
205
Calculate the highest common factor of 13889043 and 2268.
189
Calculate the highest common divisor of 10249 and 12469.
37
Calculate the highest common divisor of 54304565 and 38735.
635
Calculate the highest common divisor of 262106224 and 111.
37
Calculate the highest common divisor of 11 and 205460497.
11
Calculate the highest common divisor of 4208 and 371808.
16
Calculate the highest common factor of 1570 and 118607534.
314
What is the highest common factor of 13710 and 2565141?
1371
Calculate the greatest common factor of 13127382 and 3186.
1062
Calculate the greatest common factor of 354 and 3933117.
177
What is the greatest common divisor of 1154 and 16436422?
1154
What is the highest common factor of 15863815 and 550?
55
Calculate the highest common divisor of 101447844 and 72.
12
Calculate the greatest common factor of 102 and 8795018.
34
Calculate the highest common factor of 15504 and 1389937.
17
Calculate the highest common divisor of 236 and 3682952.
4
Calculate the highest common divisor of 46 and 1327947044.
46
What is the greatest common factor of 4051020 and 21?
3
Calculate the highest common factor of 18005 and 12473310.
1385
Calculate the greatest common factor of 314 and 2076230.
2
What is the highest common divisor of 2362150 and 13825?
175
What is the greatest common factor of 20400 and 163875?
75
What is the highest common divisor of 3248871900 and 4821?
4821
What is the highest common factor of 167505 and 793195?
65
Calculate the greatest common divisor of 57763 and 1221389.
47
Calculate the greatest common divisor of 410 and 416625190.
410
What is the greatest common factor of 58 and 289314034?
58
What is the greatest common factor of 120 and 11586360?
120
Calculate the highest common divisor of 1155 and 145655.
5
What is the greatest common divisor of 6045120 and 24960?
960
What is the highest common factor of 2059 and 822179?
29
Calculate the greatest common factor of 10 and 50268998.
2
Calculate the greatest common divisor of 209858109 and 2334.
1167
What is the greatest common factor of 63 and 9173199?
21
Calculate the highest common divisor of 18013840 and 120.
40
What is the greatest common divisor of 4 and 8409004?
4
Calculate the highest common factor of 271266908 and 3652.
3652
What is the greatest common divisor of 215422449 and 22?
11
What is the greatest common divisor of 10035140 and 639?
71
Calculate the greatest common divisor of 39557976 and 1518.
138
Calculate the greatest common factor of 2158 and 351130.
26
Calculate the greatest common factor of 128065660 and 3560.
1780
Calculate the highest common factor of 22146 and 7797.
3
What is the greatest common divisor of 122628 and 26004?
132
What is the highest common factor of 37743 and 16032570?
1641
Calculate the greatest common divisor of 105 and 39073020.
105
Calculate the highest common factor of 200 and 2207800.
200
Calculate the highest common divisor of 2330039 and 2226.
53
What is the highest common factor of 2744 and 1083736?
8
What is the highest common factor of 2987 and 2521962931?
2987
Calculate the greatest common divisor of 13 and 1561754636.
13
Calculate the greatest common factor of 13482 and 2093562.
1926
What is the highest common divisor of 15965304 and 5904?
24
Calculate the greatest common factor of 987 and 3867675.
21
Calculate the greatest common factor of 1925 and 31837135.
55
Calculate the highest common divisor of 1080162 and 1826.
166
What is the greatest common factor of 31235554 and 15056?
1882
What is the greatest common factor of 408538 and 2852356?
494
What is the greatest common divisor of 15587 and 2847416?
143
Calculate the greatest common factor of 820590 and 316973.
1609
Calculate the highest common divisor of 280 and 4964008.
56
Calculate the greatest common divisor of 4289298 and 6495.
1299
Calculate the greatest common divisor of 4457161 and 219.
73
What is the highest common factor of 528 and 2091616?
16
What is the greatest common factor of 340 and 4741810?
170
What is the highest common factor of 1674 and 17566398?
558
Calculate the highest common factor of 1381388750 and 2500.
1250
What is the highest common divisor of 290 and 3069302?
58
Calculate the greatest common factor of 3797114640 and 3552.
1776
Calculate the greatest common divisor of 31784 and 325960.
232
What is the highest common factor of 5366507 and 94?
47
What is the greatest common factor of 3297866 and 17576?
338
Calculate the greatest common divisor of 2201242 and 584.
146
Calculate the highest common factor of 136719397 and 89.
89
Calculate the highest common divisor of 11426 and 5997074.
394
What is the highest common factor of 3666145 and 7450?
745
Calculate the greatest common divisor of 4125230 and 19710.
730
Calculate the greatest common divisor of 430425 and 3927389.
1913
What is the greatest common factor of 121790 and 517427?
19
What is the highest common divisor of 7336650 and 12?
6
What is the greatest common factor of 548 and 927662620?
548
What is the highest common factor of 10363559 and 731?
43
What is the greatest common divisor of 174619 and 36278162?
4259
What is the greatest common factor of 3501 and 900297321?
1167
Calculate the highest common factor of 3404488 and 8296.
136
What is the greatest common divisor of 4356 and 7885944?
396
What is the greatest common divisor of 870048 and 13992?
1272
Calculate the greatest common factor of 4824684 and 126.
18
Calculate the greatest common divisor of 102608 and 2574704.
176
What is the highest common factor of 1395000 and 36580?
620
What is the greatest common divisor of 7045073 and 976?
61
Calculate the highest common factor of 3149921 and 1480.
37
What is the greatest common divisor of 170084493 and 2961?
423
Calculate the greatest common divisor of 11121 and 256745472.
1011
What is the greatest common divisor of 39499082 and 658?
658
What is the highest common factor of 26 and 22424974?
26
Calculate the highest common divisor of 3002 and 32897417.
1501
Calculate the greatest common divisor of 190 and 15064435.
95
Calculate the greatest common factor of 20149399 and 606.
101
What is the highest common factor of 1755 and 916981?
13
Calculate the highest common divisor of 46176 and 1308450.
78
What is the highest common divisor of 45 and 417291105?
15
What is the highest common factor of 10494014 and 222?
74
Calculate the greatest common factor of 74 a